{"id":27,"date":"2019-01-18T10:19:30","date_gmt":"2019-01-18T10:19:30","guid":{"rendered":"http:\/\/www.silatzurinord.ch\/?page_id=27"},"modified":"2019-01-18T10:19:30","modified_gmt":"2019-01-18T10:19:30","slug":"pencak-silat","status":"publish","type":"page","link":"http:\/\/www.silatzurinord.ch\/?page_id=27","title":{"rendered":"Pencak Silat"},"content":{"rendered":"\n<p>Schriftlich dokumentierte Erz\u00e4hlungen reichen zur\u00fcck bis ins 4.Jahrhundert, womit Silat zu den \u00c4ltesten auf der Welt existierenden Kampfk\u00fcnsten z\u00e4hlt. Um die Entstehung ranken sich nat\u00fcrlich zahlreiche Legenden, Sagen und Vermutungen. Grunds\u00e4tzlich ist festzustellen, dass das rauhe Leben im s\u00fcdostasiatischen Dschungel die Notwendigkeit nach sich zog sein Leben sowohl gegen Mensch, als auch Tier, mit allen zur Verf\u00fcgung stehenden Mitteln, zu verteidigen. Daher gibt es im Pencak Silat nicht nur ein variantenreiches Repertoire an \u201eSchlag-, Tritt- und Grifftechniken\u201c, sondern auch zahlreiche Waffen und deren Anwendung. Urspr\u00fcnglich waren die meisten Techniken Kopien der einheimischen Tier- und Pflanzenwelt, die im Laufe der Zeit verfeinert und perfektioniert wurden. \nKunstgegenst\u00e4nde und Artefakte zeigen, dass sich bereits im achten Jahrhundert n. C. am Riow Archipel besondere Kampfgewohnheiten entwickelt hatten. Der Riow Archipel liegt zwischen Sumatra und der malaiischen Halbinsel. Die fr\u00fchen Stile waren noch stark von den verschiedenen asiatischen Festlandkulturen gepr\u00e4gt und nicht sehr weit entwickelt. Die Basis dieser Stile hat sich in verschiedenen Variationen \u00fcber ganz Indonesien verbreitet. Der Stamm der Minangkabau auf Sumatra nahm diesen rohen Stil an und schuf eine besondere Art der indonesischen Kampfweise. Eines der fr\u00fchesten K\u00f6nigreiche, das der Srivijaya auf Sumatra, dehnte zwischen dem siebenten und dem vierzehnten Jahrhundert durch die effizienten Kampfmethoden ihren Herrschaftsbereich sehr weit aus.\nDie Kulturen des elften Jahrhunderts entwickelten eine grosse Vielf\u00e4ltigkeit an Waffen und Kampfstilen. Unter den Majapahit K\u00f6nigen reifte die neue Kampfweise zu technischer Perfektion. Diese Entwicklung setzte sich bis ins sechzehnte Jahrhundert fort. Urspr\u00fcnglich wurden die Kampfmethoden ausschliesslich von den Angeh\u00f6rigen der indonesischen F\u00fchrungsschicht, dem Adel beherrscht und diese h\u00fcteten ihr geheimes Wissen. Trotzdem eignete sich im Lauf der Zeit auch das gew\u00f6hnliche Volk das Wissen an und perfektionierte es in bestimmten Bereichen. Dieses urspr\u00fcngliche und orthodoxe System ist landl\u00e4ufig als Pencak Silat bekannt.\nW\u00e4hren der Zeit als Indonesien eine Kolonie von Holland war, kam Pencak Silat nach Europa. Die Verbreitung geschah nur sehr langsam. Die wenigen Meister in Europa hatten eine grosse Konkurrenz durch die bereits bekannten Kampfsportarten, wie Karate, Kung Fu, etc. Vor ca. 60 Jahren fand dann Pencak Silat den Weg in die Schweiz. Der aus Indonesien stammende Haka Tahir begann damals seine ersten Sch\u00fcler zu unterrichten. Er hat bis zu seinem 98 Lebensjahr unterrichtet und ist 2016 friedlich eingeschlafen.\nPencak Silat bevorzugt das Ausweichen. Die typische Antwort auf Angriffe ist leicht und schnell, ohne den knochenbrechenden Kontakt mit dem Angreifer zu suchen. Man stellt sich der angreifenden Kraft nicht entgegen, sondern passt sich ihr an, n\u00fctzt sie f\u00fcr sich aus und lenkt sie in gewollte Bahnen, um sie so besser kontrollieren zu k\u00f6nnen und dann den Angreifer im besten Moment zu bezwingen. \nPencak Silat wird in den Ursprungsl\u00e4ndern mit Trommeln oder ganzen Gamelan Orchestern begleitet. Diese haben den gleichen Effekt wie das Metronom f\u00fcr einen Musiker, ausserdem kommt noch der Rhythmuseffekt vergleichbar mit Kriegstrommeln zum tragen.\nEs gibt in Indonesien \u00fcber 180 verschiedene Pencak Silat-Stile, mit seinen \u00fcber dreitausend Inseln ist Indonesien der Welt gr\u00f6sster Archipel und erstreckt sich vom indischen Ozean im Westen bis Neu Guinea im Osten, vom s\u00fcdostasiatischen Kontinent im Norden bis nach Australien im S\u00fcden. In diesem weiten Gebiet findet man die verschiedensten Formen des Pencak Silat in allen Variationen.\n<\/p>\n","protected":false},"excerpt":{"rendered":"<p>Schriftlich dokumentierte Erz\u00e4hlungen reichen zur\u00fcck bis ins 4.Jahrhundert, womit Silat zu den \u00c4ltesten auf der Welt existierenden Kampfk\u00fcnsten z\u00e4hlt. Um die Entstehung ranken sich nat\u00fcrlich zahlreiche Legenden, Sagen und Vermutungen. Grunds\u00e4tzlich ist festzustellen, dass das rauhe Leben im s\u00fcdostasiatischen Dschungel die Notwendigkeit nach sich zog sein Leben sowohl gegen Mensch, als auch Tier, mit allen &hellip; <\/p>\n<p class=\"link-more\"><a href=\"http:\/\/www.silatzurinord.ch\/?page_id=27\" class=\"more-link\"><span class=\"screen-reader-text\">\u201ePencak Silat\u201c<\/span> weiterlesen<\/a><\/p>\n","protected":false},"author":1,"featured_media":0,"parent":0,"menu_order":0,"comment_status":"closed","ping_status":"closed","template":"","meta":{"footnotes":""},"class_list":["post-27","page","type-page","status-publish","hentry"],"_links":{"self":[{"href":"http:\/\/www.silatzurinord.ch\/index.php?rest_route=\/wp\/v2\/pages\/27","targetHints":{"allow":["GET"]}}],"collection":[{"href":"http:\/\/www.silatzurinord.ch\/index.php?rest_route=\/wp\/v2\/pages"}],"about":[{"href":"http:\/\/www.silatzurinord.ch\/index.php?rest_route=\/wp\/v2\/types\/page"}],"author":[{"embeddable":true,"href":"http:\/\/www.silatzurinord.ch\/index.php?rest_route=\/wp\/v2\/users\/1"}],"replies":[{"embeddable":true,"href":"http:\/\/www.silatzurinord.ch\/index.php?rest_route=%2Fwp%2Fv2%2Fcomments&post=27"}],"version-history":[{"count":1,"href":"http:\/\/www.silatzurinord.ch\/index.php?rest_route=\/wp\/v2\/pages\/27\/revisions"}],"predecessor-version":[{"id":29,"href":"http:\/\/www.silatzurinord.ch\/index.php?rest_route=\/wp\/v2\/pages\/27\/revisions\/29"}],"wp:attachment":[{"href":"http:\/\/www.silatzurinord.ch\/index.php?rest_route=%2Fwp%2Fv2%2Fmedia&parent=27"}],"curies":[{"name":"wp","href":"https:\/\/api.w.org\/{rel}","templated":true}]}}