{"id":17,"date":"2019-01-18T09:20:15","date_gmt":"2019-01-18T09:20:15","guid":{"rendered":"http:\/\/www.silatzurinord.ch\/?page_id=17"},"modified":"2025-10-08T14:18:05","modified_gmt":"2025-10-08T14:18:05","slug":"pencak-silat-zuerich-nord-stellt-sich-vor","status":"publish","type":"page","link":"http:\/\/www.silatzurinord.ch\/?page_id=17","title":{"rendered":"Unser Verein"},"content":{"rendered":"\n<p>Wir sind eine Gruppe die sich seit\u00a02003\u00a0 regelm\u00e4ssig zum Training trifft.\u00a0Seit Oktober 2025 Trainieren wir in der neuen Lokalit\u00e4t in Glattbrugg, wir sind bei der Budoschule Opfikon eingemietet.\u00a0<br>Trainer: Ralph Irminger<\/p>\n\n\n\n<p>Ralph trainiert seit 1980 Pencak Silat in der Stammschule von Haka Tahir, der im 2016 mit 98 Jahren gestorben ist. Er ist Pr\u00e4sident des Pencak Silat Verband Schweiz und seit 2003 leitet er auch den PSZN Verein. Er hat 1986 Pencak Silat als Wettkampfsport in der Schweiz eingef\u00fchrt und selber an diversen Wettk\u00e4mpfen teilgenommen, darunter auch 7-mal an Weltmeisterschaften. Als Verbands-Trainer begleitet er regelm\u00e4ssig Teilnehmer an internationale Turniere und durfte so schon viele Erfolge verzeichnen. <\/p>\n\n\n\n<p><\/p>\n","protected":false},"excerpt":{"rendered":"<p>Wir sind eine Gruppe die sich seit\u00a02003\u00a0 regelm\u00e4ssig zum Training trifft.\u00a0Seit Oktober 2025 Trainieren wir in der neuen Lokalit\u00e4t in Glattbrugg, wir sind bei der Budoschule Opfikon eingemietet.\u00a0Trainer: Ralph Irminger Ralph trainiert seit 1980 Pencak Silat in der Stammschule von Haka Tahir, der im 2016 mit 98 Jahren gestorben ist. Er ist Pr\u00e4sident des Pencak &hellip; <\/p>\n<p class=\"link-more\"><a href=\"http:\/\/www.silatzurinord.ch\/?page_id=17\" class=\"more-link\"><span class=\"screen-reader-text\">\u201eUnser Verein\u201c<\/span> weiterlesen<\/a><\/p>\n","protected":false},"author":1,"featured_media":0,"parent":0,"menu_order":0,"comment_status":"closed","ping_status":"closed","template":"","meta":{"footnotes":""},"class_list":["post-17","page","type-page","status-publish","hentry"],"_links":{"self":[{"href":"http:\/\/www.silatzurinord.ch\/index.php?rest_route=\/wp\/v2\/pages\/17","targetHints":{"allow":["GET"]}}],"collection":[{"href":"http:\/\/www.silatzurinord.ch\/index.php?rest_route=\/wp\/v2\/pages"}],"about":[{"href":"http:\/\/www.silatzurinord.ch\/index.php?rest_route=\/wp\/v2\/types\/page"}],"author":[{"embeddable":true,"href":"http:\/\/www.silatzurinord.ch\/index.php?rest_route=\/wp\/v2\/users\/1"}],"replies":[{"embeddable":true,"href":"http:\/\/www.silatzurinord.ch\/index.php?rest_route=%2Fwp%2Fv2%2Fcomments&post=17"}],"version-history":[{"count":6,"href":"http:\/\/www.silatzurinord.ch\/index.php?rest_route=\/wp\/v2\/pages\/17\/revisions"}],"predecessor-version":[{"id":198,"href":"http:\/\/www.silatzurinord.ch\/index.php?rest_route=\/wp\/v2\/pages\/17\/revisions\/198"}],"wp:attachment":[{"href":"http:\/\/www.silatzurinord.ch\/index.php?rest_route=%2Fwp%2Fv2%2Fmedia&parent=17"}],"curies":[{"name":"wp","href":"https:\/\/api.w.org\/{rel}","templated":true}]}}